{"id":318,"date":"2020-10-14T10:37:35","date_gmt":"2020-10-14T09:37:35","guid":{"rendered":"https:\/\/dialer.biz\/?page_id=318"},"modified":"2024-11-11T23:01:50","modified_gmt":"2024-11-11T22:01:50","slug":"szkolenia","status":"publish","type":"page","link":"https:\/\/dialer.biz\/?page_id=318","title":{"rendered":"Szkolenia"},"content":{"rendered":"\n\n\n\n\n<h1>SZKOLENIA<br><\/h1><br>\n\n\n<p><br><h3><span>\u201eKa\u017cdy ma jakiego\u015b bzika, ka\u017cdy jakie\u015b hobby ma \u2026\u201d<br><br><\/span><\/h3><\/a><\/p>\n<p>Informatyka poch\u0142on\u0119\u0142a mnie ju\u017c w ko\u0144c\u00f3wce szko\u0142y podstawowej. By\u0142 to czas gdy do szk\u00f3\u0142 wchodzi\u0142y dedykowane sale komputerowe. Pierwsze Wordy, Excele, w\u0142asne strony www. P\u00f3\u017aniej matura z informatyki i szko\u0142a wy\u017csza o tym profilu. To trzeba lubi\u0107! A jak lubi si\u0119 to co si\u0119 robi, to nie czuje si\u0119 zm\u0119czenia <img decoding=\"async\" draggable=\"true\" role=\"img\" class=\"emoji\" alt=\"?\" src=\"https:\/\/s.w.org\/images\/core\/emoji\/14.0.0\/svg\/1f609.svg\"> Baaa, z u\u015bmiechem chce si\u0119 dzieli\u0107 t\u0105 wiedz\u0105 z innymi. <br><\/p><p>Nie jednokrotnie mia\u0142em przyjemno\u015b\u0107 szkoli\u0107 i doszkala\u0107 do pracy z komputerem osoby w podesz\u0142ym wieku, czy te\u017c pracownik\u00f3w z dzia\u0142\u00f3w gdzie komputer pe\u0142ni\u0142 rol\u0119 maszyny do pisania. Wielokrotnie by\u0142em proszony o konsultacje, czy opracowanie rozwi\u0105za\u0144 dedykowanych do konkretnej bran\u017cy.\nAle nie o tym tu. Po za klawiatur\u0105, znam te\u017c inny \u015bwiat <img decoding=\"async\" draggable=\"true\" role=\"img\" class=\"emoji\" alt=\"?\" src=\"https:\/\/s.w.org\/images\/core\/emoji\/14.0.0\/svg\/1f600.svg\"><br>\n<\/p><p><br>\n<strong>Nie tylko IT&#8230; <\/strong><br>Moje zainteresowania nie ograniczaj\u0105 si\u0119 jednak do informatyki.<br>\nOd wielu lat mam przyjemno\u015b\u0107 wsp\u00f3\u0142pracowa\u0107 z wieloma wybitnymi lud\u017ami i wsp\u00f3lnie realizowa\u0107 nasze pasje. Zacz\u0119\u0142o si\u0119 od survivalu, nocleg\u00f3w pod go\u0142ym niebem, sprawdzaniem na ile mog\u0119 wyj\u015b\u0107 z w\u0142asnej strefy komfortu. Ta niesamowita satysfakcja, gdy wracam do domu i mog\u0119 powiedzie\u0107 &#8222;by\u0142o trudno, ale dali\u015bmy rade!&#8221; <br>Obecnie moja aktywno\u015b\u0107 jest skierowana w szeroko poj\u0119t\u0105 proobronno\u015b\u0107, kilkudniowe bytowanie na \u0142onie natury \/ survival oraz przede wszystkim strzelectwo sportowe i bojowe.\n<br>\n<br>Zapraszam solo, w parach czy te\u017c ca\u0142e rodziny do sp\u0119dzenia aktywnie czasu pod moj\u0105 opiek\u0105.<br>\nZ przyjemno\u015bci\u0105 podziel\u0119 si\u0119 z Pa\u0144stwem moim do\u015bwiadczeniem z wielu dziedzin, r\u00f3wnie\u017c tych z po za IT &#8211; szczeg\u00f3\u0142y poni\u017cej.\n<br><br><br><\/p>\n\n\n\n\n\n\n\n\n\n\n\n\n\n<h2>STRZELECTWO<\/h2>\n\n\n\n\n\n\n\n\n\n<p>Dysponuj\u0119 pozwoleniem na wszystkie 3 rodzaje broni sportowych, oraz uprawnieniami do prowadzenia zaj\u0119\u0107 strzeleckich. Mimo i\u017c moim konikiem jest strzelectwo bojowe, to r\u00f3wnie\u017c bior\u0119 udzia\u0142 w zawodach w strzelectwie sportowym.<\/p><p>Prowadz\u0119 szkolenia z tzw.&#8221;pierwszego kontaktu z broni\u0105&#8221;, r\u00f3wnie\u017c dla kobiet oraz dzieci. Organizuj\u0119 wyj\u015bcia na strzelnice z okazji wieczoru kawalerskiego \/ panie\u0144skiego, czy te\u017c aktywne sp\u0119dzenie weekendu.<\/p><p>Karabinek sportowy ma praktycznie zerowy odrzut, tak wi\u0119c nadaje si\u0119 idealnie do \u0107wiczenia postaw strzeleckich i celno\u015bci nawet u m\u0142odszego pokolenia. Bardzo cz\u0119sto takie podstawy s\u0105 bardzo podobne do strzelania z \u0142uku (postawa, celno\u015b\u0107, bezpiecze\u0144stwo).<\/p>\n<p>Po wydarzeniach z 2022 roku na Ukrainie, prowadz\u0119 r\u00f3wnie\u017c szkolenia z pierwszego kontaktu z &#8222;broni\u0105 bojow\u0105&#8221; (platformy AK oraz AR15), podstawy z medycyny pola walki, \u0142\u0105czno\u015b\u0107 radiowa, SOP (standardowe procedury operacyjne) \/ taktyka, praca w zespole.<br><\/p><br><p>Naucz\u0119 Pa\u0144stwa:<\/p><ul><li> tzw. &#8222;kultury strzeleckiej&#8221;, BLOSu &#8211; tj. zachowa\u0144 i nawyk\u00f3w kt\u00f3re zapewni\u0105 komfort i bezpiecze\u0144stwo Pa\u0144stwa i otaczaj\u0105cych Was ludzi.<\/li><li>samodzielna obs\u0142uga broni &#8211; a nie tylko naciskanie spustu <br><\/li><li>odpowiednich postaw i chwyt\u00f3w, aby poprawi\u0107 celno\u015b\u0107<\/li><li>dla ciekawych rozk\u0142adanie i sk\u0142adanie broni<\/li><li>mo\u017cliwo\u015b\u0107 spr\u00f3bowania si\u0119 w ro\u017cnych kalibrach \/ rodzajach broni<\/li><\/ul><br><p>\u015awietnym pomys\u0142em s\u0105 wyj\u015bcia rodzinne na strzelnice pod okiem wykwalifikowanej kadry. Jak sp\u0119dzi\u0107 sobot\u0119 z dzie\u0107mi? Mo\u017ce nauka na wiatr\u00f3wce, zabawy na tarczy, czy ma\u0142y kaliber w rywalizacji rodzinnej? Za czas\u00f3w naszego pokolenia, klasy uczestniczy\u0142y w strzelaniach z wiatr\u00f3wek, teraz nie jest to praktykowane. Jak wspomnia\u0142em, nale\u017cy do tego podej\u015b\u0107 jak do strzelania z \u0142uku &#8211; pierwsze co uczymy to co wolno a czego nie, dobieramy i bro\u0144 i kaliber do wieku strzelca \/ dziecka. Skutkiem jest nie tylko du\u017ca przygoda ale te\u017c budowa \u015bwiadomo\u015bci i szacunku do broni palnej <img decoding=\"async\" draggable=\"true\" role=\"img\" class=\"emoji\" alt=\"?\" src=\"https:\/\/s.w.org\/images\/core\/emoji\/14.0.0\/svg\/1f609.svg\"> <br><\/p><p><br><\/p>\n\n\n\n\n\n\n\n\n\n\n\n<h2>SURVIVAL<\/h2>\n\n\n\n\n\n\n\n\n\n<p>Aktywne i ciekawe sp\u0119dzenie czasu w lesie? Tak, jak najbardziej!<\/p><p>Jak ustrzec si\u0119 kleszczy, jak radzi\u0107 sobie z komarami, jak pozyska\u0107 wod\u0119, jak rozpali\u0107 ogie\u0144 w deszczu, np krzesiwem, jak z 2-3 produkt\u00f3w zrobi\u0107 posi\u0142ek na ka\u017cd\u0105 por\u0119, no i w ko\u0144cu jak bezpiecznie przetrwa\u0107 noc w lesie &#8211; czyli co spakowa\u0107 na w\u0119dr\u00f3wk\u0119?<\/p><p><br><\/p><p>Nasz\u0105 wiedz\u0119 dedykujemy grupom ASG, gdzie wszystko to co powy\u017cej, mo\u017cemy po\u0142\u0105czy\u0107 z taktyk\u0105 militarn\u0105 &#8211; wyznaczanie za pomoc\u0105 kompasu i mapy drogi \/ azymutu, ciche przenikanie, organizacja zasadzki, rozbijanie obozu, &#8222;kultura \u015bwiat\u0142a&#8221;, warty.<br><\/p><p><br><\/p>\n\n\n\n\n\n\n\n\n\n<p>Ciekawe linki:<br><\/p>\n\nEkonomia\nGie\u0142da krypto &#8211; ByBit z linkiem zni\u017ckowym (0OK6MV)\nLista schron\u00f3w w PL &#8211; strazpozarna.maps.arcgis.com\nMapa pokazuj\u0105ca si\u0142\u0119 lub zanik sygna\u0142u GPS\n\n\n\n","protected":false},"excerpt":{"rendered":"","protected":false},"author":1,"featured_media":0,"parent":0,"menu_order":0,"comment_status":"closed","ping_status":"closed","template":"","meta":{"pagelayer_contact_templates":[],"_pagelayer_content":"","footnotes":""},"class_list":["post-318","page","type-page","status-publish","hentry"],"_links":{"self":[{"href":"https:\/\/dialer.biz\/index.php?rest_route=\/wp\/v2\/pages\/318","targetHints":{"allow":["GET"]}}],"collection":[{"href":"https:\/\/dialer.biz\/index.php?rest_route=\/wp\/v2\/pages"}],"about":[{"href":"https:\/\/dialer.biz\/index.php?rest_route=\/wp\/v2\/types\/page"}],"author":[{"embeddable":true,"href":"https:\/\/dialer.biz\/index.php?rest_route=\/wp\/v2\/users\/1"}],"replies":[{"embeddable":true,"href":"https:\/\/dialer.biz\/index.php?rest_route=%2Fwp%2Fv2%2Fcomments&post=318"}],"version-history":[{"count":29,"href":"https:\/\/dialer.biz\/index.php?rest_route=\/wp\/v2\/pages\/318\/revisions"}],"predecessor-version":[{"id":462,"href":"https:\/\/dialer.biz\/index.php?rest_route=\/wp\/v2\/pages\/318\/revisions\/462"}],"wp:attachment":[{"href":"https:\/\/dialer.biz\/index.php?rest_route=%2Fwp%2Fv2%2Fmedia&parent=318"}],"curies":[{"name":"wp","href":"https:\/\/api.w.org\/{rel}","templated":true}]}}